r) = 13*r + 44. Let z be s(-3). What is a(z)?
5
Let w be 0/1 - 3 - -7. Let u be ((-3)/w)/((-2)/8). Let p(f) = -f + 2 + 0 + 3 - u. Calculate p(-4).
6
Let p = -1 - -3. Let v(s) be the third derivative of -s**6/120 + s**5/12 - s**4/12 - s**3/3 - 4*s**2. Give v(p).
6
Suppose -x + 2*r + 2*r + 22 = 0, -3*x + 5*r = -38. Let o(v) = -x - 5 + 1 - 2*v + 4. Suppose -3*w = -2*w + 5. Determine o(w).
4
Let t(c) be the third derivative of c**5/60 - c**4/24 + c**3/6 - 2*c**2. Suppose 3*z + 2 - 5 = 0. Let q be (-3)/3*z - 1. Give t(q).
7
Let t(o) = -7*o**2 + o - 4. Let w(c) = 4*c**2 + 2. Let j(d) = -3*t(d) - 5*w(d). Let h be 75/(-50)*16/(-6). Determine j(h).
6
Suppose -5*g = -5*f - 5, 0*f = -5*f + g + 15. Let a(b) be the second derivative of -3*b + 0 + 1/20*b**5 + 1/3*b**f + 1/3*b**3 + 0*b**2. Determine a(-2).
4
Suppose -4 = -2*j + 6*j. Let o be (-9)/(-36) + j/4. Let k(m) = -2*m - 4. Let g(u) = 5*u + 9. Let s(c) = 3*g(c) + 7*k(c). Give s(o).
-1
Let v be (-1)/(-2) + (-39)/26. Let t(s) = 2 + 3*s**2 - 1 + s**2. Give t(v).
5
Let s be (2 - 1)/(7/14). Let f(u) = -5*u**2 + 2*u**3 + 3*u**2 - 2 + 0*u**3. What is f(s)?
6
Let c(w) = 3*w**2 + 8. Let u(p) = -p**2 - 3. Let b(s) = -3*c(s) - 8*u(s). Give b(1).
-1
Let a(t) = t**2 - 8*t + 7. Suppose -8*k = -0*k - 40. Calculate a(k).
-8
Let k(s) = -926 + 926 + 6*s. Determine k(-3).
-18
Let f(c) be the first derivative of -c**2/2 - c - 4. Determine f(1).
-2
Let m(c) = -2*c**2 - 2*c + 2. Let d(q) = 2*q**3 + q**2 - 1. Let k be d(-1). Determine m(k).
-2
Let y(t) = -6*t**3 - t**2 + 1. Let b be 3/6 - (-4)/(-8). Suppose c - 1 = -b. Let r = -2 + c. Calculate y(r).
6
Let w(g) be the second derivative of g - 1/3*g**3 + 3/2*g**2 + 1/12*g**4 + 0. Determine w(3).
6
Let t(b) = -b**3 - b**2 + 2. Let j(x) = -x**3 + x**2. Let g(h) = -2*j(h) + t(h). Let q be -3 + 7/(28/24). Determine g(q).
2
Let n(t) = -9*t + 5. Let b(q) = 3*q**2 - q + 1. Let z be b(1). Let s be 15/5*(-11)/z. Let x(c) = -17*c + 10. Let w(a) = s*n(a) + 6*x(a). Calculate w(4).
-7
Let k(b) = -36*b - 35*b - 31*b + 103*b. Give k(4).
4
Let t(w) = -5*w**2 + 2*w - 1. Suppose -2*x + v + 12 = 0, -28 = -4*x + 2*x + 5*v. Let p = -4 - -10. Suppose 0 = p*z - 2*z - x. Determine t(z).
-4
Let o(s) = -6 + 4 - 3 + 5*s + s**2. Let n be o(-5). Let k(a) be the second derivative of a**4/12 + 5*a**3/6 + 7*a**2/2 + a. Give k(n).
7
Let c(m) = -m**3 - 6*m**2 - 2*m + 0*m + 0*m**2 + 4 + 1. Let b = -5 + 0. What is c(b)?
-10
Let h(p) = 8*p**2 - 22*p**2 - 6*p + 7*p**2 + 1. Let j(k) = 8*k**2 + 5*k - 1. Let d(x) = 5*h(x) + 6*j(x). Let b = -3 - -2. What is d(b)?
12
Let l(b) = b**3 - 4*b**2 - b + 2. Let m = 1 - -3. Let x = 6 - m. Let s = 6 - x. What is l(s)?
-2
Let p(i) = i**2 - 4*i + 2. Suppose -21 = -5*o - 1. Determine p(o).
2
Suppose 0 = b - 2*b + 5. Suppose 28 = b*y + x, 2*y - 1 = -x + 9. Let f be (-4)/(-3)*y/4. Let n(v) = -v**3 + v**2 + 2*v - 1. Calculate n(f).
-1
Let c be -5*((-28)/(-10) + -2). Let i(r) be the first derivative of -3*r**2 - r + 4*r**2 + 2 - 5. Give i(c).
-9
Let q = 12 + -10. Let m(z) = -z**3 + 0*z**3 - z**q + 2*z - z**2 + 3. Determine m(-3).
6
Let m(p) = 2*p - 5. Let v be 24/(-6) + 0 + -2. Calculate m(v).
-17
Suppose 0 = 10*o - 12*o + 4. Let u(l) = 3 + 4*l - o*l - l. Give u(0).
3
Let i(x) be the third derivative of -x**5/60 + x**4/24 - x**3/6 - x**2 - 4. Calculate i(-3).
-13
Let m be 1/(-5) - 64/(-20). Let p(g) = g**3 - 4*g**2 + 4*g - 2. Let u be p(m). Let b(w) = 3*w**2. Determine b(u).
3
Let x(m) = m**2 - 6*m - 3. Let l = 16 - 7. Let c(o) be the first derivative of o**2 - 13*o + 8. Let r be c(l). Give x(r).
-8
Let l be (1 - 2)/(-1) - 2. Let q be -5 + l/(-1) + 0. Let y(b) be the third derivative of b**5/60 + b**4/12 - 5*b**3/6 - b**2. Give y(q).
3
Let j(w) = -8*w**2 - 12. Let l(u) = -7*u**2 + u - 11. Let p(z) = -6*j(z) + 7*l(z). Give p(4).
7
Let m(t) = -t**3 + 9*t**2 - 7*t - 7. Let j be m(8). Let a(q) be the first derivative of 0*q - 3/2*q**2 + 1. Determine a(j).
-3
Let s(o) be the first derivative of 3*o**2/2 - 6*o - 3. Let y be s(6). Suppose -5*f + 5 = 0, -3*x + 6*f - 3*f = y. Let q(p) = p**3 + 4*p**2 + p. Give q(x).
6
Let b(a) = -2*a - 1. Let o be b(-2). Let p(t) = -1 + 3*t - 5*t + 7 + o*t. Determine p(0).
6
Let b(y) = y**3 - 11*y**2 - 2*y + 16. Let o be b(11). Let w(v) = -v - 4. Determine w(o).
2
Let d(x) = 10*x + 16*x**2 - 3*x - 7 + 2*x - 8*x**2 + x**3. Give d(-7).
-21
Let m(c) = -c**2 - 2*c - 1. Let t(h) = h**2 + h + 2. Let j(f) = 5*m(f) + 6*t(f). What is j(5)?
12
Suppose 4 = 3*i + i. Let s(q) = 1. Let v(j) = j**3 - 4*j**2 + j - 2. Let h(w) = i*v(w) + 4*s(w). Let f be -1 + (0 - (-4 - 1)). Give h(f).
6
Let q(d) = -2*d - 5. Let o = 0 - -5. Determine q(o).
-15
Let l be ((-28)/(-8) + -4)/(2/(-4)). Let y(b) = 16*b**3 + 2*b**2 - 3*b. Let i(d) = -31*d**3 - 3*d**2 + 5*d. Let s(h) = -3*i(h) - 5*y(h). Calculate s(l).
12
Let a(i) = -i**2 + 8*i - 4. Let u(h) = 3*h**2 + 2. Suppose -3*d = -3*y - 3, -2*d + 2*y = d. Let x be u(d). Let o be 12/(-42) - (-46)/x. Determine a(o).
11
Let p(l) = 3*l - 2. Suppose -j = -2*j + 2. Give p(j).
4
Suppose 5*u - 5*q = 30, -5*u - q = -53 + 17. Let m(o) = 3*o - 5. Let i(l) = -6*l + 11. Let n(c) = u*m(c) + 3*i(c). Give n(-3).
-11
Let x(l) = 3*l**2 + 9*l - 4. Let m(w) = 7*w**2 + 19*w - 7. Let h(o) = 2*m(o) - 5*x(o). Calculate h(-7).
6
Suppose 3*u = 6 + 6. Let o = u - 6. Let z(r) = -3*r - 1. Calculate z(o).
5
Let a(x) = -2*x - 3. Suppose 4*v - 16 = -44. What is a(v)?
11
Let o(t) be the third derivative of -5*t**4/24 - t**3/6 - 9*t**2. Suppose -i + 2*q = 4, 4*i + 5 = 5*i + q. Suppose -i*g = -0 + 2. Calculate o(g).
4
Let g(i) = i - 1. Let f(l) = -l + 6. Let o(x) = -f(x) - 2*g(x). Let w(b) = b**3 - 10*b**2 + 9*b - 3. Let h = -12 + 21. Let n be w(h). Calculate o(n).
-1
Let z(m) = m**2 + 8*m + 8. Let p = 29 - 35. Give z(p).
-4
Let i(q) = -q**3 + 4*q**2 + q. Let r be (-1 - 0)*(-1 + -2). Let s(j) = -j**3 + 2*j**2 + 4*j. Let o be s(r). What is i(o)?
12
Let w(i) = 4*i**2 + i. Let m be w(1). Let b = 1 + m. Let s(v) = -v**2 + 6*v - 4. Determine s(b).
-4
Let q(h) = -3*h**3 + 8*h**2 + h + 11. Let l(v) = -v**3 + 4*v**2 + v + 5. Let b(j) = -5*l(j) + 2*q(j). What is b(-2)?
-5
Let g be 0 - (-5 + 2) - 1. Let j(c) = 5*c + 5 + g*c**2 - c**2 + 2*c. Suppose -4*k + 0*k - 16 = 0. Calculate j(k).
-7
Suppose u = -3*u. Let m = 0 - u. Let r(f) = 3*f - 3*f - 5 + f**2 - f. Determine r(m).
-5
Suppose -5*h - 2*b = 3*b + 25, -2*h = -b + 13. Let f(u) = u**2 + 8*u + 7. What is f(h)?
-5
Let n(u) be the first derivative of -u**3/3 + u**2 + 4*u + 1. Suppose -s + 28 = 3*h, -2*h = 3*h - 4*s - 41. Let r = h + -5. Calculate n(r).
-4
Let j(x) = 12 - 3*x - 5 - x + 2*x. Let k(z) = -3*z + 7. Let v(c) = -4*j(c) + 3*k(c). Determine v(-5).
-2
Let n(q) = q**3 + 4*q**2 + q - 4. Let b(h) = -2*h + 2. Let c be b(3). Let t = c + -1. Let j(d) = -d**2 - 5*d - 3. Let k be j(t). Determine n(k).
2
Suppose 0*u + 5*u = -25. Let o be ((-8)/u)/((-4)/(-10)). Let t(c) be the second derivative of -c**4/12 + c**3/3 + 5*c**2/2 - c. Calculate t(o).
-3
Let g be ((-1)/2)/(1/2). Let b(n) = 3 - 3*n - 2 + 5*n + 6*n. Determine b(g).
-7
Let t(h) = h**2 - 6*h. Let o be t(5). Let i(c) be the third derivative of -c**4/12 - 2*c**3/3 - c**2. Give i(o).
6
Let s(j) = j**2 + 12*j + 9. Let q be s(-10). Let z = 15 + q. Let x(f) = -1 + 2*f + 0 + 7 - z. Calculate x(-3).
-4
Let g(h) = -h**3 - 4*h**2 - 3*h + 3. Let k(v) = -v**3 - 7*v**2 + 10*v + 12. Let z be k(-8). Calculate g(z).
15
Let q = 6 + -7. Let u(z) = z**2 + 4*z - 4. Let a(k) = k**2. Let m(g) = q*u(g) + 2*a(g). Calculate m(5).
9
Let c(t) = t**3 + 6*t**2 + 4*t + 3. Let d = -33 + 21. Let q = d + 7. Give c(q).
8
Let t(w) = w**2 + 5*w - 5. Suppose 4*c - 47 = 37. Let z be 4/7*c/6. Let x be ((-2)/(-1))/z - 6. Calculate t(x).
-5
Let c(z) be the second derivative of -1/20*z**5 + 5/12*z**4 - 1/3*z**3 - z + 5/2*z**2 + 0. What is c(5)?
-5
Let s(t) = -3*t. Let x = 142 - 139. Give s(x).
-9
Let u(b) = -b**3 - 3*b**2 - 2*b + 1. Let c be u(-4). Let r = c - 21. Let m(a) be the first derivative of -a**2 + 2*a - 1. What is m(r)?
-6
Let t(j) be the second derivative of -j**4/3 - j**2/2 - j. Let p(v) = -v**3 + 9*v**2 - 11*v + 8. Let b be p(8). Let u be -1 + b/(-4) + -2. What is t(u)?
-5
Let f be 1/1*12/4. Let j(s) be the first derivative of -s - 1 + s**4 + 1/3*s**f + 0*s**2. What is j(-1)?
-4
Let t(r) = -136*r + 66*r + 5 